
Is 364 a multiple of 9?
False
Is 8 a factor of 4224?
True
Is 175 a multiple of 7?
True
Does 20 divide 327?
False
Is 25 a factor of 2050?
True
Is 8201 a multiple of 25?
False
Is 912 a multiple of 6?
True
Is 2005 a multiple of 131?
False
Does 268 divide 13936?
True
Does 60 divide 3180?
True
Does 11 divide 220?
True
Is 340 a multiple of 8?
False
Does 20 divide 3884?
False
Is 8146 a multiple of 7?
False
Is 19 a factor of 140782?
False
Is 18400 a multiple of 20?
True
Is 30927 a multiple of 127?
False
Does 5 divide 169?
False
Does 20 divide 21105?
False
Does 25 divide 28750?
True
Is 406 a multiple of 7?
True
Is 4 a factor of 88?
True
Is 17584 a multiple of 56?
True
Is 32 a factor of 35904?
True
Is 1306 a multiple of 31?
False
Is 11 a factor of 6529?
False
Is 18953 a multiple of 48?
False
Is 10246 a multiple of 290?
False
Does 28 divide 63894?
False
Is 3888 a multiple of 18?
True
Does 50 divide 3400?
True
Is 53 a factor of 1758?
False
Is 61 a factor of 5532?
False
Is 10 a factor of 421?
False
Is 4356 a multiple of 121?
True
Is 120 a multiple of 10?
True
Is 57 a multiple of 4?
False
Is 31 a factor of 217?
True
Is 5 a factor of 646?
False
Does 188 divide 49444?
True
Is 6 a factor of 2202?
True
Does 44 divide 12628?
True
Is 16 a factor of 333?
False
Is 79 a factor of 1456?
False
Is 37 a factor of 15096?
True
Does 93 divide 11904?
True
Is 12 a factor of 2304?
True
Is 13 a factor of 26247?
True
Is 23 a factor of 184?
True
Does 31 divide 1181?
False
Is 1687 a multiple of 29?
False
Is 10150 a multiple of 175?
True
Is 1100 a multiple of 50?
True
Does 4 divide 508?
True
Is 1352 a multiple of 8?
True
Is 18 a factor of 9486?
True
Is 42 a factor of 630?
True
Is 24052 a multiple of 25?
False
Is 3319 a multiple of 43?
False
Is 21 a factor of 504?
True
Is 3802 a multiple of 6?
False
Does 134 divide 938?
True
Does 6 divide 2586?
True
Is 2340 a multiple of 15?
True
Is 30 a factor of 1055?
False
Does 197 divide 26966?
False
Does 68 divide 1907?
False
Is 2880 a multiple of 60?
True
Does 50 divide 123?
False
Is 28 a factor of 1176?
True
Does 5 divide 6330?
True
Is 150 a factor of 10500?
True
Does 45 divide 37264?
False
Is 1820 a multiple of 13?
True
Is 11 a factor of 9151?
False
Is 66 a factor of 11220?
True
Is 14 a factor of 950?
False
Does 8 divide 273?
False
Is 2216 a multiple of 16?
False
Is 49 a factor of 539?
True
Is 7208 a multiple of 212?
True
Is 22 a factor of 50160?
True
Does 42 divide 13566?
True
Does 38 divide 28867?
False
Does 21 divide 5523?
True
Is 3 a factor of 132?
True
Does 48 divide 1073?
False
Is 4 a factor of 4540?
True
Is 7485 a multiple of 32?
False
Is 71 a factor of 51614?
False
Does 438 divide 106428?
False
Is 31 a factor of 46997?
False
Is 54 a multiple of 4?
False
Is 920 a multiple of 92?
True
Is 432 a multiple of 28?
False
Is 23 a factor of 5152?
True
Does 6 divide 731?
False
Does 72 divide 1027?
False
Is 6181 a multiple of 8?
False
Does 10 divide 27140?
True
Is 12893 a multiple of 26?
False
Is 1120 a multiple of 10?
True
Is 4836 a multiple of 78?
True
Is 23 a factor of 1334?
True
Is 111 a factor of 1700?
False
Is 17545 a multiple of 7?
False
Is 1798 a multiple of 30?
False
Is 20 a factor of 1119?
False
Does 15 divide 56314?
False
Does 3 divide 68?
False
Does 95 divide 190?
True
Is 74046 a multiple of 9?
False
Does 25 divide 1392?
False
Is 1944 a multiple of 162?
True
Is 3 a factor of 1269?
True
Is 918 a multiple of 18?
True
Is 15132 a multiple of 26?
True
Does 9 divide 54027?
True
Is 1422 a multiple of 79?
True
Is 40 a factor of 1440?
True
Does 165 divide 10230?
True
Does 53 divide 673?
False
Is 48 a factor of 7584?
True
Is 76 a factor of 12581?
False
Is 465 a multiple of 16?
False
Is 720 a multiple of 20?
True
Does 2 divide 893?
False
Is 217 a multiple of 7?
True
Is 3640 a multiple of 60?
False
Is 14 a factor of 1707?
False
Does 33 divide 23154?
False
Does 93 divide 3999?
True
Does 14 divide 70364?
True
Is 29045 a multiple of 157?
True
Does 3 divide 10350?
True
Is 6084 a multiple of 52?
True
Is 3729 a multiple of 11?
True
Is 1288 a multiple of 17?
False
Is 2142 a multiple of 102?
True
Is 201 a factor of 3687?
False
Does 3 divide 201?
True
Is 39 a factor of 2771?
False
Does 5 divide 2127?
False
Is 35 a factor of 1330?
True
Is 1815 a multiple of 37?
False
Is 641 a multiple of 7?
False
Is 12 a factor of 552?
True
Is 9 a factor of 1285?
False
Is 9 a factor of 1552?
False
Does 68 divide 26588?
True
Is 25 a factor of 4743?
False
Is 17 a factor of 382?
False
Does 8 divide 786?
False
Is 15552 a multiple of 81?
True
Does 36 divide 468?
True
Is 147 a factor of 28959?
True
Is 16959 a multiple of 78?
False
Is 2 a factor of 1871?
False
Does 31 divide 3006?
False
Is 97 a factor of 10746?
False
Does 13 divide 2782?
True
Is 10 a factor of 3360?
True
Does 73 divide 14381?
True
Does 8 divide 7232?
True
Does 53 divide 15788?
False
Is 2854 a multiple of 11?
False
Is 65310 a multiple of 14?
True
Is 27 a factor of 14261?
False
Is 14 a factor of 3995?
False
Is 108 a factor of 5832?
True
Is 142 a factor of 5964?
True
Is 16987 a multiple of 33?
False
Does 39 divide 234?
True
Is 203 a multiple of 33?
False
Does 61 divide 2074?
True
Does 70 divide 5320?
True
Does 47 divide 27965?
True
Does 76 divide 912?
True
Is 32 a factor of 567?
False
Is 627 a multiple of 130?
False
Is 65564 a multiple of 11?
False
Is 10 a multiple of 10?
True
Is 23 a factor of 40933?
False
Does 69 divide 21092?
False
Is 4 a factor of 43?
False
Does 17 divide 867?
True
Is 28 a factor of 13916?
True
Is 885 a multiple of 18?
False
Does 6 divide 784?
False
Is 922 a multiple of 120?
False
Is 11 a factor of 88?
True
Is 8307 a multiple of 9?
True
Is 17232 a multiple of 8?
True
Is 21 a factor of 13587?
True
Does 10 divide 2640?
True
Does 18 divide 990?
True
Is 332 a factor of 49404?
False
Does 11 divide 1187?
False
Is 3914 a multiple of 55?
False
Is 43089 a multiple of 19?
False
Is 19412 a multiple of 19?
False
Is 104268 a multiple of 224?
False
Does 34 divide 2924?
True
Does 4 divide 3380?
True
Is 72 a factor of 1159?
False
Is 91 a factor of 5538?
False
Is 12728 a multiple of 43?
True
Is 3 a factor of 940?
False
Is 846 a multiple of 9?
True
Is 310 a factor of 20026?
False
Is 162 a multiple of 9?
True
Is 84 a factor of 1204?
False
Is 10160 a multiple of 46?
False
Is 64 even?
True
Is 22950 a multiple of 9?
True
Does 114 divide 26171?
False
Is 17 a factor of 496?
False
Does 54 divide 1601?
False
Is 1528 a multiple of 15?
False
Is 1273 a multiple of 67?
True
Is 135 a factor of 3510?
True
Is 1420 a multiple of 17?
False
Is 48 a factor of 13344?
True
Is 256 a multiple of 24?
False
Does 50 divide 2121?
False
Is 279 a multiple of 31?
True
Is 1899 a multiple of 12?
False
Is 9111 even?
False
Is 12 a factor of 22967?
False
Does 50 divide 21278?
False
Does 94 divide 39528?
False
Does 81 divide 8505?
True
Does 5 divide 127?
False
Is 496 a multiple of 62?
True
Is 37415 a multiple of 21?
False
Is 37 a factor of 2738?
True
Is 12 a factor of 108?
True
Does 11 divide 30151?
True
Is 4532 a multiple of 103?
True
Does 10 divide 3476?
False
Is 1610 a multiple of 5?
True
Is 4050 a multiple of 24?
False
Is 18 a factor of 1504?
False
Is 7781 a multiple of 8?
False
Does 12 divide 24?
True
Is 1480 a multiple of 74?
True
Is 2719 a multiple of 106?
False
Is 5 a factor of 5285?
True
Is 96 a factor of 384?
True
Is 25 a factor of 1956?
False
Is 14 a factor of 586?
False
Does 20 divide 83000?
True
Is 7688 a multiple of 62?
True
Is 24 a factor of 1306?
False
Is 15 a factor of 1275?
True
Does 3 divide 1371?
True
Does 187 divide 8415?
True
Does 189 divide 14553?
True
Does 6 divide 47?
False
Does 47 divide 9093?
False
Is 120 a factor of 24337?
False
Is 1350 a multiple of 6?
True
Does 5 divide 2524?
False
Does 15 divide 42840?
True
Is 2896 a multiple of 16?
True
Is 23 a factor of 57845?
True
Does 8 divide 1056?
True
Is 1050 a multiple of 35?
True
Is 103 a factor of 1605?
False
Is 8537 a multiple of 2?
False
Does 68 divide 136?
True
Does 16 divide 2644?
False
Does 18 divide 346?
False
Is 173 a factor of 44337?
False
Does 13 divide 117?
True
Is 140 a factor of 21280?
True
Is 3150 a multiple of 126?
True
Does 6 divide 5736?
True
Is 2 a factor of 49?
False
Is 47015 a multiple of 147?
False
Does 210 divide 3570?
True
Is 21 a factor of 2525